{"id":229,"date":"2023-05-04T15:21:44","date_gmt":"2023-05-04T13:21:44","guid":{"rendered":"https:\/\/3sforme.com\/?page_id=229"},"modified":"2026-03-01T05:03:17","modified_gmt":"2026-03-01T04:03:17","slug":"coaching-2","status":"publish","type":"page","link":"https:\/\/3sforme.com\/index.php\/coaching-2\/","title":{"rendered":"Coaching"},"content":{"rendered":"<div class=\"vce-row-container\"><div class=\"vce-row vce-row--has-col-background vce-row--col-gap-30 vce-row-equal-height vce-row-content--top\" data-vce-full-width=\"true\" data-vce-stretch-content=\"true\" id=\"el-c9cb2e55\" data-vce-do-apply=\"all el-c9cb2e55\"><div class=\"vce-content-background-container\"><\/div><div class=\"vce-row-content\" data-vce-element-content=\"true\"><div class=\"vce-col vce-element--has-background vce-col--md-auto vce-col--xs-1 vce-col--xs-last vce-col--xs-first vce-col--sm-last vce-col--sm-first vce-col--md-last vce-col--lg-last vce-col--xl-last vce-col--md-first vce-col--lg-first vce-col--xl-first\" id=\"el-b86f5a69\"><div class=\"vce-col-inner\" data-vce-do-apply=\"border margin background  el-b86f5a69\"><div class=\"vce-content-background-container\"><div class=\"vce-asset-background-zoom-container vce-visible-all-only vce-asset-background-zoom--position-center-center\"><div class=\"vce-asset-background-zoom-container vce-visible-all-only vce-asset-background-zoom--position-center-center\"><div class=\"vce-asset-background-zoom--scale-helper\" style=\"transform:scale(1.19)\"><div class=\"vce-asset-background-zoom\" data-vce-assets-zoom=\"out\" data-vce-assets-zoom-scale=\"0.8403361344537815\" data-vce-assets-zoom-duration=\"30\">\n              <div class=\"vce-asset-background-zoom-item vcv-lozad\" data-background-image=\"https:\/\/3sforme.com\/wp-content\/uploads\/2023\/05\/Coaching-scaled.jpg\"><\/div>\n              <noscript>\n                <div class=\"vce-asset-background-zoom-item\" style=\"background-image: url(https:\/\/3sforme.com\/wp-content\/uploads\/2023\/05\/Coaching-scaled.jpg)\"><\/div>\n              <\/noscript>\n            <\/div><\/div><\/div><\/div><\/div><div class=\"vce-col-content\" data-vce-element-content=\"true\" data-vce-do-apply=\"padding el-b86f5a69\"><div class=\"vce-row-container\" data-vce-boxed-width=\"true\"><div class=\"vce-row vce-row--col-gap-30 vce-row-equal-height vce-row-content--top\" id=\"el-b209a365\" data-vce-do-apply=\"all el-b209a365\"><div class=\"vce-content-background-container\"><\/div><div class=\"vce-row-content\" data-vce-element-content=\"true\"><div class=\"vce-col vce-col--md-25p vce-col--xs-1 vce-col--xs-last vce-col--xs-first vce-col--sm-last vce-col--sm-first vce-col--md-first vce-col--lg-first vce-col--xl-first\" id=\"el-2cbbd902\"><div class=\"vce-col-inner\" data-vce-do-apply=\"border margin background  el-2cbbd902\"><div class=\"vce-col-content\" data-vce-element-content=\"true\" data-vce-do-apply=\"padding el-2cbbd902\"><div class=\"vcv-row-control-wrapper\"><\/div><\/div><\/div><\/div><div class=\"vce-col vce-col--md-50p vce-col--xs-1 vce-col--xs-last vce-col--xs-first vce-col--sm-last vce-col--sm-first\" id=\"el-34041ddd\"><div class=\"vce-col-inner\" data-vce-do-apply=\"border margin background  el-34041ddd\"><div class=\"vce-col-content\" data-vce-element-content=\"true\" data-vce-do-apply=\"padding el-34041ddd\"><div class=\"vce-text-block\"><div class=\"vce-text-block-wrapper vce\" id=\"el-eb590c29\" data-vce-do-apply=\"all el-eb590c29\"><p style=\"text-align: center;\"><span style=\"font-family: Croissant One; font-size: 36pt; color: #ffffff; font-style: normal;\">Coaching<\/span><\/p><\/div><\/div><\/div><\/div><\/div><div class=\"vce-col vce-col--md-25p vce-col--xs-1 vce-col--xs-last vce-col--xs-first vce-col--sm-last vce-col--sm-first vce-col--md-last vce-col--lg-last vce-col--xl-last\" id=\"el-163c533c\"><div class=\"vce-col-inner\" data-vce-do-apply=\"border margin background  el-163c533c\"><div class=\"vce-col-content\" data-vce-element-content=\"true\" data-vce-do-apply=\"padding el-163c533c\"><div class=\"vcv-row-control-wrapper\"><\/div><\/div><\/div><\/div><\/div><\/div><\/div><\/div><\/div><\/div><\/div><\/div><\/div><div class=\"vce-row-container\" data-vce-boxed-width=\"true\"><div class=\"vce-row vce-row--col-gap-30 vce-row-equal-height vce-row-content--top\" id=\"el-68e35200\" data-vce-do-apply=\"all el-68e35200\"><div class=\"vce-content-background-container\"><\/div><div class=\"vce-row-content\" data-vce-element-content=\"true\"><div class=\"vce-col vce-col--md-auto vce-col--xs-1 vce-col--xs-last vce-col--xs-first vce-col--sm-last vce-col--sm-first vce-col--md-first vce-col--lg-first vce-col--xl-first\" id=\"el-037e1012\"><div class=\"vce-col-inner\" data-vce-do-apply=\"border margin background  el-037e1012\"><div class=\"vce-content-background-container\"><\/div><div class=\"vce-col-content\" data-vce-element-content=\"true\" data-vce-do-apply=\"padding el-037e1012\"><div class=\"vce-separated-button-container vce\" id=\"el-ed045cc7\" data-vce-do-apply=\"margin el-ed045cc7\" style=\"--alignment: left; --background: #1d64c5; --color: #fff; --hoverBackgroundColor: #1c5fbb; --hoverTextColor: #fff;\"><a class=\"vce-button vce-separated-button vce-separated-button--style--border-round\" href=\"https:\/\/3sforme.com\/\" title=\"\" data-vce-do-apply=\"border background  el-ed045cc7\"><span class=\"vce-separated-button-icon\" data-vce-do-apply=\"padding el-ed045cc7\"><span class=\"vce-separated-button-icon-wrapper fas fa-angle-left\"><\/span><\/span><span class=\"vce-separated-button-text\" data-vce-do-apply=\"padding el-ed045cc7\">Retour \u00e0 l'accueil<\/span><\/a><\/div><\/div><\/div><\/div><div class=\"vce-col vce-col--md-auto vce-col--xs-1 vce-col--xs-last vce-col--xs-first vce-col--sm-last vce-col--sm-first vce-col--md-last vce-col--lg-last vce-col--xl-last\" id=\"el-27a078b7\"><div class=\"vce-col-inner\" data-vce-do-apply=\"border margin background  el-27a078b7\"><div class=\"vce-col-content\" data-vce-element-content=\"true\" data-vce-do-apply=\"padding el-27a078b7\"><div class=\"vcv-row-control-wrapper\"><\/div><\/div><\/div><\/div><\/div><\/div><\/div><div class=\"vce-row-container\" data-vce-boxed-width=\"true\"><div class=\"vce-row vce-row--col-gap-30 vce-row-equal-height vce-row-content--top\" id=\"el-b75fec17\" data-vce-do-apply=\"all el-b75fec17\"><div class=\"vce-row-content\" data-vce-element-content=\"true\"><div class=\"vce-col vce-col--md-auto vce-col--xs-1 vce-col--xs-last vce-col--xs-first vce-col--sm-last vce-col--sm-first vce-col--md-last vce-col--lg-last vce-col--xl-last vce-col--md-first vce-col--lg-first vce-col--xl-first\" id=\"el-e125dd43\"><div class=\"vce-col-inner\" data-vce-do-apply=\"border margin background  el-e125dd43\"><div class=\"vce-col-content\" data-vce-element-content=\"true\" data-vce-do-apply=\"padding el-e125dd43\"><div class=\"vce-text-block\"><div class=\"vce-text-block-wrapper vce\" id=\"el-aa9c6bf7\" data-vce-do-apply=\"all el-aa9c6bf7\"><div class=\"markdown prose w-full break-words dark:prose-invert light\" style=\"text-align: justify;\">Le coaching offre une approche personnalis\u00e9e pour atteindre vos <strong>objectifs sportifs<\/strong>. Le coaching \u00e0 domicile vous permet de b\u00e9n\u00e9ficier d'un entra\u00eenement adapt\u00e9 \u00e0 votre emploi du temps, tandis que le coaching en entreprise vise \u00e0 promouvoir la sant\u00e9 des employ\u00e9s sur leur lieu de travail. Avec 3S forme, vous b\u00e9n\u00e9ficierez d'un <strong>encadrement professionnel<\/strong> et de s\u00e9ances d'entra\u00eenement <strong>personnalis\u00e9es<\/strong> pour perdre du poids, am\u00e9liorer votre condition physique ou renforcer vos muscles. Transformez votre maison en salle de sport ou promouvez une culture du bien-\u00eatre au sein de votre entreprise avec le coaching \u00e0 domicile et en entreprise. Pr\u00e9parez-vous \u00e0 <strong>r\u00e9ussir<\/strong> dans votre parcours sportif avec un soutien professionnel et des conseils adapt\u00e9s.<\/div><\/div><\/div><\/div><\/div><\/div><\/div><\/div><\/div><div class=\"vce-row-container\" data-vce-boxed-width=\"true\"><div class=\"vce-row vce-row--col-gap-30 vce-row-equal-height vce-row-content--top\" id=\"el-790f77e4\" data-vce-do-apply=\"all el-790f77e4\"><div class=\"vce-row-content\" data-vce-element-content=\"true\"><div class=\"vce-col vce-col--md-auto vce-col--xs-1 vce-col--xs-last vce-col--xs-first vce-col--sm-last vce-col--sm-first vce-col--md-last vce-col--lg-last vce-col--xl-last vce-col--md-first vce-col--lg-first vce-col--xl-first\" id=\"el-561edf67\"><div class=\"vce-col-inner\" data-vce-do-apply=\"border margin background  el-561edf67\"><div class=\"vce-col-content\" data-vce-element-content=\"true\" data-vce-do-apply=\"padding el-561edf67\"><div class=\"vcv-row-control-wrapper\"><\/div><\/div><\/div><\/div><\/div><\/div><\/div><div class=\"vce-row-container\"><div class=\"vce-row vce-row--has-col-background vce-row--col-gap-20 vce-row-equal-height vce-row-content--bottom\" data-vce-full-width=\"true\" data-vce-stretch-content=\"true\" id=\"el-65e4532c\" data-vce-do-apply=\"all el-65e4532c\"><div class=\"vce-content-background-container\"><\/div><div class=\"vce-row-content\" data-vce-element-content=\"true\"><div class=\"vce-col vce-col--md-25p vce-col--xs-1 vce-col--xs-last vce-col--xs-first vce-col--sm-last vce-col--sm-first vce-col--md-first vce-col--lg-first vce-col--xl-first\" id=\"el-d6134580\"><div class=\"vce-col-inner\" data-vce-do-apply=\"border margin background  el-d6134580\"><div class=\"vce-col-content\" data-vce-element-content=\"true\" data-vce-do-apply=\"padding el-d6134580\"><div class=\"vcv-row-control-wrapper\"><\/div><\/div><\/div><\/div><div class=\"vce-col vce-element--has-background vce-col--md-25p vce-col--xs-1 vce-col--xs-last vce-col--xs-first vce-col--sm-last vce-col--sm-first\" id=\"el-d3390aba\"><div class=\"vce-col-inner\" data-vce-do-apply=\"border margin background  el-d3390aba\"><div class=\"vce-content-background-container\"><div class=\"vce-asset-background-simple-container vce-visible-all-only vce-asset-background-simple--style-cover vce-asset-background-simple--position-center-center\"><div class=\"vce-asset-background-simple\">\n              <div class=\"vce-asset-background-simple-item vcv-lozad\" data-background-image=\"https:\/\/3sforme.com\/wp-content\/uploads\/2023\/05\/Coaching-a-domicile.webp\"><\/div>\n              <noscript>\n                <div class=\"vce-asset-background-simple-item\" style=\"background-image: url(https:\/\/3sforme.com\/wp-content\/uploads\/2023\/05\/Coaching-a-domicile.webp)\"><\/div>\n              <\/noscript>\n            <\/div><\/div><div class=\"vce-asset-color-gradient-container vce-visible-all-only\" data-vce-do-apply=\"gradient el-d3390aba\"><\/div><\/div><div class=\"vce-col-content\" data-vce-element-content=\"true\" data-vce-do-apply=\"padding el-d3390aba\"><div class=\"vce-google-fonts-heading vce-google-fonts-heading--align-left vce-google-fonts-heading--color-b-255-255-255--45--b-255-27-91--b-74-68-117 vce-google-fonts-heading--font-family-Croissant-One\"><div id=\"el-e3136057\" class=\"vce-google-fonts-heading-wrapper\"><div class=\"vce-google-fonts-heading--background vce\" data-vce-do-apply=\"border background  padding margin el-e3136057\"><h2 class=\"vce-google-fonts-heading-inner\" style=\"font-size: 36px; line-height: 1.2; letter-spacing: 0px; font-weight: 400; font-style: normal;\">Coaching \u00e0 domicile<\/h2><\/div><\/div><\/div><div class=\"vce-button--style-outline-container vce-button--style-outline-container--align-center\"><span class=\"vce-button--style-outline-wrapper vce\" id=\"el-ad46f4d3\" data-vce-do-apply=\"margin el-ad46f4d3\"><a class=\"vce-button vce-button--style-outline-animated vce-button--style-outline--border-square vce-button--style-outline--size-medium vce-button--style-outline-animated--color-b-255-255-255--fff--3d3d3d vce-button--style-outline-animated--border-color-b-255-255-255--3d3d3d vce-button--style-outline-animated--background-color-b-174-143-37\" href=\"https:\/\/3sforme.com\/index.php\/coaching-a-domicile\/\" title=\"Coaching \u00e0 domicile\" data-vce-do-apply=\"padding border background  el-ad46f4d3\"><span class=\"vce-button--style-outline-text\">En savoir plus<\/span><\/a><\/span><\/div><\/div><\/div><\/div><div class=\"vce-col vce-element--has-background vce-col--md-25p vce-col--xs-1 vce-col--xs-last vce-col--xs-first vce-col--sm-last vce-col--sm-first\" id=\"el-1984d31e\"><div class=\"vce-col-inner\" data-vce-do-apply=\"border margin background  el-1984d31e\"><div class=\"vce-content-background-container\"><div class=\"vce-asset-background-simple-container vce-visible-all-only vce-asset-background-simple--style-cover vce-asset-background-simple--position-center-center\"><div class=\"vce-asset-background-simple\">\n              <div class=\"vce-asset-background-simple-item vcv-lozad\" data-background-image=\"https:\/\/3sforme.com\/wp-content\/uploads\/2023\/05\/entreprise-3.jpg\"><\/div>\n              <noscript>\n                <div class=\"vce-asset-background-simple-item\" style=\"background-image: url(https:\/\/3sforme.com\/wp-content\/uploads\/2023\/05\/entreprise-3.jpg)\"><\/div>\n              <\/noscript>\n            <\/div><\/div><div class=\"vce-asset-color-gradient-container vce-visible-all-only\" data-vce-do-apply=\"gradient el-1984d31e\"><\/div><\/div><div class=\"vce-col-content\" data-vce-element-content=\"true\" data-vce-do-apply=\"padding el-1984d31e\"><div class=\"vce-google-fonts-heading vce-google-fonts-heading--align-left vce-google-fonts-heading--color-b-255-255-255--45--b-255-27-91--b-74-68-117 vce-google-fonts-heading--font-family-Croissant-One\"><div id=\"el-66dbf6e0\" class=\"vce-google-fonts-heading-wrapper\"><div class=\"vce-google-fonts-heading--background vce\" data-vce-do-apply=\"border background  padding margin el-66dbf6e0\"><h2 class=\"vce-google-fonts-heading-inner\" style=\"font-size: 36px; line-height: 1.2; letter-spacing: 0px; font-weight: 400; font-style: normal;\">Coaching en entreprise<\/h2><\/div><\/div><\/div><div class=\"vce-button--style-outline-container vce-button--style-outline-container--align-center\"><span class=\"vce-button--style-outline-wrapper vce\" id=\"el-e484caf3\" data-vce-do-apply=\"margin el-e484caf3\"><a class=\"vce-button vce-button--style-outline-animated vce-button--style-outline--border-square vce-button--style-outline--size-medium vce-button--style-outline-animated--color-b-255-255-255--fff--3d3d3d vce-button--style-outline-animated--border-color-b-255-255-255--3d3d3d vce-button--style-outline-animated--background-color-b-74-68-117\" href=\"https:\/\/3sforme.com\/index.php\/coaching-en-entreprise\/\" title=\"Coaching en entreprise\" data-vce-do-apply=\"padding border background  el-e484caf3\"><span class=\"vce-button--style-outline-text\">En savoir plus<\/span><\/a><\/span><\/div><\/div><\/div><\/div><div class=\"vce-col vce-col--md-25p vce-col--xs-1 vce-col--xs-last vce-col--xs-first vce-col--sm-last vce-col--sm-first vce-col--md-last vce-col--lg-last vce-col--xl-last\" id=\"el-b1510ef3\"><div class=\"vce-col-inner\" data-vce-do-apply=\"border margin background  el-b1510ef3\"><div class=\"vce-col-content\" data-vce-element-content=\"true\" data-vce-do-apply=\"padding el-b1510ef3\"><div class=\"vcv-row-control-wrapper\"><\/div><\/div><\/div><\/div><\/div><\/div><\/div>","protected":false},"excerpt":{"rendered":"<p>CoachingRetour \u00e0 l&#8217;accueilLe coaching offre une approche personnalis\u00e9e pour atteindre vos objectifs sportifs. Le coaching \u00e0 domicile vous permet de b\u00e9n\u00e9ficier d&#8217;un entra\u00eenement adapt\u00e9 \u00e0 votre emploi du temps, tandis que le coaching en entreprise vise \u00e0 promouvoir la sant\u00e9 des employ\u00e9s sur leur lieu de travail. Avec 3S forme, vous b\u00e9n\u00e9ficierez d&#8217;un encadrement professionnel [&hellip;]<\/p>\n","protected":false},"author":1,"featured_media":0,"parent":0,"menu_order":0,"comment_status":"closed","ping_status":"closed","template":"","meta":{"_monsterinsights_skip_tracking":false,"_monsterinsights_sitenote_active":false,"_monsterinsights_sitenote_note":"","_monsterinsights_sitenote_category":0,"_uf_show_specific_survey":0,"_uf_disable_surveys":false,"footnotes":""},"class_list":["post-229","page","type-page","status-publish","hentry"],"_links":{"self":[{"href":"https:\/\/3sforme.com\/index.php\/wp-json\/wp\/v2\/pages\/229","targetHints":{"allow":["GET"]}}],"collection":[{"href":"https:\/\/3sforme.com\/index.php\/wp-json\/wp\/v2\/pages"}],"about":[{"href":"https:\/\/3sforme.com\/index.php\/wp-json\/wp\/v2\/types\/page"}],"author":[{"embeddable":true,"href":"https:\/\/3sforme.com\/index.php\/wp-json\/wp\/v2\/users\/1"}],"replies":[{"embeddable":true,"href":"https:\/\/3sforme.com\/index.php\/wp-json\/wp\/v2\/comments?post=229"}],"version-history":[{"count":26,"href":"https:\/\/3sforme.com\/index.php\/wp-json\/wp\/v2\/pages\/229\/revisions"}],"predecessor-version":[{"id":1272,"href":"https:\/\/3sforme.com\/index.php\/wp-json\/wp\/v2\/pages\/229\/revisions\/1272"}],"wp:attachment":[{"href":"https:\/\/3sforme.com\/index.php\/wp-json\/wp\/v2\/media?parent=229"}],"curies":[{"name":"wp","href":"https:\/\/api.w.org\/{rel}","templated":true}]}}